se -2*r - 79 + 125 = 0. List the prime factors of r.
23
Let m(i) = i**3 - 8*i**2 - i - 8. List the prime factors of m(9).
2
Let l be (-1)/(3/(-102)*2). Suppose -l + 6 = -w. What are the prime factors of w?
11
Suppose -6 = u - 4*u. Let z be u/(-7) - 172/(-14). Suppose 2*a - z = a. What are the prime factors of a?
2, 3
Let f be (-3 - 1) + (-12)/(-2). Suppose 0 = -2*b + 2*g + f + 34, 0 = -3*g + 12. List the prime factors of b.
2, 11
Suppose -21 = 4*h - 7*h. Suppose -h*d - 24 = -3*d. List the prime factors of d/(-4)*44/6.
11
Suppose 0 = -6*v + 2039 - 653. What are the prime factors of v?
3, 7, 11
Suppose 23*y + 1598 - 7233 = 0. What are the prime factors of y?
5, 7
Let w = 13 + -5. List the prime factors of w.
2
Let j = 2 + -1. Let h = 0 - j. List the prime factors of (-3)/(3/(-6) + h).
2
Let z(b) = b - 7. Let p be 6/15 - 4/10. Let a be (p - (-18)/(-4))*-2. What are the prime factors of z(a)?
2
Suppose 4*q = -5*d - 36, -2*d - d + 12 = 0. List the prime factors of (-6)/q - 1264/(-56).
23
What are the prime factors of (-5)/(-30) - (-1401)/18?
2, 3, 13
Let l = 416 + -160. List the prime factors of l.
2
Suppose 0 = 5*o - 0*o + 5. Let p be 3 - ((-3)/o)/3. Let t(u) = u**3 - u**2 + 2. List the prime factors of t(p).
2, 3
Let n(o) = -o**3 + 9*o**2 + 9*o - 8. Let r be n(10). What are the prime factors of 111/12 + r/(-24)?
2, 5
Let b be (-12)/54 + 418/18. Suppose b = x - 2. Suppose -8*v + x = -3*v. List the prime factors of v.
5
Suppose -4*k + 174 = 2*x, x + 3*k + 195 = 3*x. What are the prime factors of x?
3, 31
Let h be ((-8)/(-5))/((-6)/30). List the prime factors of (-24)/(5 + -1)*h.
2, 3
Let p(j) = -j**3 + j**2 - 2*j + 42. List the prime factors of p(0).
2, 3, 7
Let b(j) = -j**3 - 2*j**2 + 5*j - 2. Suppose -3*q - 6 - 6 = 0. What are the prime factors of b(q)?
2, 5
Suppose -5*z + 6 + 24 = 0. Let h be ((-4)/(-5))/(z/15). What are the prime factors of h/6 - (-40)/6?
7
Suppose 0 = -4*w + 2*b + 82, -4*w = 3*b - 14 - 63. List the prime factors of w.
2, 5
What are the prime factors of (-7)/14 - (-243)/6?
2, 5
Suppose d = 2*d + 5*v - 94, -2*d + 218 = 4*v. What are the prime factors of d?
7, 17
Let t(d) = 62*d**3 + d**2 - 2*d + 1. What are the prime factors of t(1)?
2, 31
Suppose 4*p - 6 = 5*v + 8, 0 = 2*v - 4. Let z(x) = x - 2. List the prime factors of z(p).
2
Suppose 3*g + 2*g = 115. What are the prime factors of (-2 - -1) + -5 + g?
17
Let m(h) = -20*h**3 - h**2 - h - 1. List the prime factors of m(-1).
19
Let o be (-2)/7 + (-6)/(-21). Suppose -4*r + 3*r + 9 = o. List the prime factors of r.
3
Suppose 2*p - 1 = -5. What are the prime factors of (-2 - p/5)*-5?
2
Suppose -4*q = q. Let t(d) = -2*d - 5. Let m be t(-7). What are the prime factors of (-2 - (2 - m)) + q?
5
Suppose 0 = -6*o + o. Suppose w + 2*u - 4 - 12 = o, 9 = w - 5*u. What are the prime factors of w?
2, 7
Suppose -4*c - 5*n = -1291, 3*c - 3*n - 1148 = -173. List the prime factors of c.
2, 3
Let q = 88 + -51. What are the prime factors of q?
37
Suppose 7*j = 5*j + 210. What are the prime factors of ((-14)/(-3))/(10/j)?
7
Let d = -20 - -11. Let s = 8 + 7. Let q = d + s. List the prime factors of q.
2, 3
Suppose 2 = 2*y + 5*c - 1, 4*y + 2*c = 30. What are the prime factors of y?
3
Let t = 1 + 2. Let i(z) = 1 + 9*z - 7*z - 1. What are the prime factors of i(t)?
2, 3
Let w(h) = -9*h + 50. What are the prime factors of w(-12)?
2, 79
Let s(m) = 3*m**3 + 20*m**2 - 23*m + 5. List the prime factors of s(-7).
3, 13
List the prime factors of -7 - 12/(-4) - -18.
2, 7
Suppose 4*x - 184 = 4*g, 2*g + 215 = -2*x + 7*x. List the prime factors of x.
41
Suppose -16 = p - 3*p. Suppose 30 = -p*f + 11*f. What are the prime factors of f?
2, 5
Let u = -47 - -88. Let y = 59 - u. What are the prime factors of y?
2, 3
Let g = -4 - -9. Suppose -8*f = -g*f + 15, -y = f - 2. What are the prime factors of y?
7
Let t be (-2)/13 + (-96)/52. Suppose -8 = 4*x + 4*h, 0*x = -x + 4*h + 8. List the prime factors of t + (16 - x/(-3)).
2, 7
Let i be (2/(-6))/(3/(-90)). Let o be (2 + 0 - -1)*i. Suppose 0 = -5*c - 5*q + o, -5*c - 3*q - 13 = -45. List the prime factors of c.
7
Let n = -15 - -11. Let v = 12 + n. Let h = -3 + v. List the prime factors of h.
5
Let r = 3 - 3. What are the prime factors of (r + (2 - -2))*3?
2, 3
List the prime factors of (1276/(-6))/(-5*(-16)/(-120)).
11, 29
Suppose -11*o + 1780 = -o. List the prime factors of o.
2, 89
Let d be ((-3)/9*0)/1. List the prime factors of 0 + 3 + d/(-1).
3
Let c = -5 + 12. Let t = c - -25. Suppose t = -d + 3*d. List the prime factors of d.
2
Let g(c) = -4*c - 3. Let n be g(-2). Let h(x) = -4 + 0 + x**2 + n. What are the prime factors of h(1)?
2
Let u = 8 - 0. List the prime factors of u - (2 + 2/(-1)).
2
Suppose -y = -3*y + 3*p - 1, -3*y - 2*p + 31 = 0. Let d = y - -2. Suppose -d = -k + 2. What are the prime factors of k?
11
Let p(t) = -t - 4. What are the prime factors of p(-9)?
5
Suppose 4*b = -5*o + 84, 2*o + 5*b - 34 + 14 = 0. Suppose -u = 3*u - o. List the prime factors of u.
5
Suppose -3*y - y + 384 = 0. What are the prime factors of y?
2, 3
Let z = 1003 + -491. Let o be (-3)/(2/(12/(-9))). List the prime factors of o/(-9) + z/36.
2, 7
Let w(n) = 2*n**2 - 4*n + 3. Let b = 2 - -1. Let m be w(b). What are the prime factors of 2/m + (-133)/(-9)?
3, 5
Let i = 180 + -25. What are the prime factors of i?
5, 31
Let h(j) = 5*j**2 - 2*j + 2. Let x be h(2). List the prime factors of 34/(-153) + 526/x.
29
Let a(d) = d**3 - 10*d**2 - 8*d + 20. List the prime factors of a(11).
53
Suppose 5*g - 71 = 4*y, -5*g + 59 = -2*y + y. Let n = g - 9. What are the prime factors of n?
2
Suppose -45 = -3*c - a - 10, 3*c = 3*a + 15. List the prime factors of c.
2, 5
Let b = 43 + -22. List the prime factors of b.
3, 7
Suppose 5*c = -0*c + 750. List the prime factors of (-3)/21 + c/21.
7
Let n = -1 - -4. Suppose f = 5*b - 34, 0 = f - n*f + 2. What are the prime factors of (1*2)/(b/49)?
2, 7
Let i(b) = 11*b - 1. Suppose -3*c + 6 = -0*c. What are the prime factors of i(c)?
3, 7
Suppose -6*w + w = 0. Let l(k) = 3*k. Let g be l(1). Suppose w*v = g*v - 57. What are the prime factors of v?
19
Suppose 2*k = -4*m - 0*k + 150, 0 = 5*m + 4*k - 189. List the prime factors of m.
37
Suppose 4*q = 5*q - 5. Suppose 2*u = 4*g - 2*g + 24, q*g + 3*u = -60. Let j = g + 24. List the prime factors of j.
2, 3
Suppose 213 = 5*l - 212. Suppose -5*g = 25 - l. Let u = g - 8. What are the prime factors of u?
2
Let o = -35 + 478. List the prime factors of o.
443
Let y(f) = -f**3 + 6 - 2 - 5 - 4*f**2 - 2*f - 2*f. What are the prime factors of y(-3)?
2
Let d(b) = 22*b**3 - b + 1. Let t be (-2*(-1)/2)/1. List the prime factors of d(t).
2, 11
Let m be 96/7 + (-16)/(-56). Suppose -8 = u - 2*j, 3*u + m = 4*j - 0. What are the prime factors of u?
2
Let k(l) = -2*l - 6. Let x be k(-11). Suppose -x = -3*w + 56. What are the prime factors of w?
2, 3
Let j = -16 + 19. List the prime factors of j.
3
Let v = 6 + -12. Let k be 1/(3/v) + 6. Suppose -k*j - 38 = -6*j. What are the prime factors of j?
19
Let d(f) = -f**2 + 6*f - 6. Let k be d(4). Suppose -k*z = u - 4*u + 86, 0 = 4*u + 2*z - 124. List the prime factors of (u/(-35))/(2/(-14)).
2, 3
Suppose -5*f = -f - 208. List the prime factors of f.
2, 13
Suppose 3*a = -0*t + 3*t - 45, 4*a + 12 = 0. What are the prime factors of t?
2, 3
List the prime factors of 2/(-5) + (-535)/(-25).
3, 7
Let k = 89 - 50. What are the prime factors of k?
3, 13
Let r = -64 - -100. Let d be 3/3*r + -1. Suppose 5*a - d = -0*a. What are the prime factors of a?
7
Suppose -3*z + 4*m = -18 - 5, 4*m + 17 = -3*z. Let w(b) = b**3 - 11*b**2 - b + 9. Let d be w(11). Let y = z - d. What are the prime factors of y?
3
What are the prime factors of (-969)/(-9) + (-3)/(-9) - 1?
107
Suppose -7*f = -22*f + 1635. What are the prime factors of f?
109
Let u(r) = -r**2 + 8*r + 1. Let g be u(6). Let h = 46 - g. What are the prime factors of h?
3, 11
Let n be (-2)/8 - 10/(-8). Suppose -5*a = 9 + n. List the prime factors of (4 - 37)*a/6.
11
Suppose 0 = 3*g + 43 - 493. List the prime factors of g.
2, 3, 5
Let d = 20 - 64. Let p = d - 58. What are the prime factors of 2/(-10) + p/(-10)?
2, 5
Let h = 7 + 1. Suppose 1 = -3*g - h, -s = -4*g - 29. What are the prime factors of s?
17
Suppose 3*d = 4*v + 112, -2*v - 36 = 2*d - 3*d. Let z be ((-1